re the prime factors of y?
2, 5
Let z = 151 - 148. List the prime factors of z.
3
What are the prime factors of (7*183 - (-18 + 16))/1?
1283
Let m(p) = 7*p - 24. Let g be (-54)/(14/(-4) - -3). Suppose -g = -6*a - 36. What are the prime factors of m(a)?
2, 3, 5
Let r be (-2)/(-8) + (-161)/(-92). Suppose -552 = -6*c + r*c. List the prime factors of c.
2, 3, 23
Let x be (-130)/8 + (-3)/48*-4. Let p = x + 57. List the prime factors of p.
41
Let z(j) = -j**3 - 18*j**2 + 8*j - 33. Let b be z(-18). Let o = b + 256. What are the prime factors of o?
79
Let h = -1185 - -1549. List the prime factors of h.
2, 7, 13
Let u be 117 + ((-2)/(-3))/(18/108). Let d = -39 + u. What are the prime factors of d?
2, 41
Let l = 487 + 771. What are the prime factors of l?
2, 17, 37
Let h be (-2)/(-10) - (-5446)/70. Let f = -32 + h. List the prime factors of f.
2, 23
Suppose -9 = 4*x - 5*x + 4*t, -4*x = 2*t + 18. List the prime factors of 21/(-14)*202/x.
101
Let d(c) = -1 - 1 + 8*c - 5 + 3*c. List the prime factors of d(5).
2, 3
Suppose 0 = 2*v + 4*t - 98, 3*v - 74 = 2*v + 3*t. Suppose -b - 19*b - 220 = 0. Let r = v + b. What are the prime factors of r?
2, 3
Let o(m) = -m**2 - 3*m + 15. Let y be o(-7). Let u = 16 - y. Suppose -n - u = -2*n. What are the prime factors of n?
29
Let m(j) = 3*j + 3. Let d(x) = 2*x + 3. Let f(g) = 6*d(g) - 7*m(g). What are the prime factors of f(-10)?
3, 29
Let b be (-1 - 3/(-5))*-40. Let x = 19 + b. List the prime factors of x.
5, 7
Suppose -5*g - g = -0*g. Suppose i + 2*i + y - 674 = g, -5*y + 458 = 2*i. List the prime factors of i.
2, 7
Let y be -2*(1 - -11)/(-2). Let i be 27/y*(-8)/3. Let r(v) = v + 13. What are the prime factors of r(i)?
7
Suppose 226 = 3*t - i + 25, t - 65 = i. Let m = t + 1. List the prime factors of m.
3, 23
Let z = 404 + -188. List the prime factors of (86/(-4))/((-18)/z).
2, 3, 43
Let f = -997 - -1497. What are the prime factors of f?
2, 5
Let a be 75/10*(-48)/(-10). List the prime factors of (-314)/(-10) + a/60.
2
Suppose 17*n - 18*n = 0. Suppose n = 3*j - j - 56. Let c = 5 + j. What are the prime factors of c?
3, 11
Let m(j) be the third derivative of -11*j**4/12 - j**3/3 + 2*j**2. Let u be m(1). List the prime factors of 174/3 + u/8.
5, 11
Let o = -2226 + 5922. What are the prime factors of o?
2, 3, 7, 11
Let x(a) = a**3 + 8*a**2 - 13*a + 4. Let c(r) = 2*r - 1. Let j be c(2). Suppose j*d + 0*d = -27. List the prime factors of x(d).
2, 5
Suppose 3*r - 4*v = 1858, 4*r - 5*v - 1706 = 772. Let x = r + -380. What are the prime factors of x?
2, 11
Suppose 182 = 4*y - 10. Suppose y + 24 = 2*w. Suppose w*x + 55 = 37*x. List the prime factors of x.
5, 11
Suppose -2187 = -81*t + 78*t. What are the prime factors of t?
3
List the prime factors of 5 - 1258/(-5)*(-30)/(-6).
3, 421
Suppose -4*m - 3*y + 19 = 0, -m + y - 9 = -y. Let x be m/(-2)*(-1 - 7). Suppose x*l - 123 = -39. List the prime factors of l.
3, 7
Let d(g) = -g**2 - 39*g + 28. List the prime factors of d(-12).
2, 11
Let s be (-13 - 617)*(-4)/6. Suppose x - 5*x + s = 0. List the prime factors of x.
3, 5, 7
Let p(v) = -7*v + 4. Let r be p(1). Let w be -2*(r - 3/(-3)). Suppose 0 = -b - 3*b + i + 32, 0 = w*b + 5*i - 8. What are the prime factors of b?
7
Let i(n) be the second derivative of n**4/12 - n**3/2 - 4*n**2 - 9*n. List the prime factors of i(13).
2, 61
Suppose 4*l = 300 + 304. Suppose 4*w = -2*t - w + l, -5*w + 234 = 3*t. List the prime factors of t.
83
Let d(p) = -p**2 + 11*p + 5. Let z be d(11). Suppose -14 = -z*u + 1. Suppose 3*g + u*x - 32 = 2*x, 52 = 3*g + 5*x. What are the prime factors of g?
3
Suppose -15*y = 10490 - 53975. List the prime factors of y.
13, 223
Let k(v) = 399*v - 365. List the prime factors of k(4).
1231
Let v(d) = -d**2 - 14*d + 21. Let a be v(-15). What are the prime factors of 358/a + (-3)/(-9)?
2, 3, 5
Let c(g) = -18*g + 10. Let w = -23 + 18. What are the prime factors of c(w)?
2, 5
Let j(p) = -3*p**3 - p**2 + p. Let m be j(1). Let s be m/(-2) - (-35)/10. Suppose s*q = 3*q + 62. What are the prime factors of q?
31
Suppose -1585 = -4*v - n, 0*n = 10*n + 30. List the prime factors of v.
397
Let m = -17 + 13. Let v(l) = -4*l - 6. Let n be v(m). Suppose -s = -0 - n. What are the prime factors of s?
2, 5
Let s(a) = -a**2 + 16*a - 6. Let i be s(15). Suppose 0 = -11*w + i*w + 100. List the prime factors of w.
2, 5
Let z(c) = 3121*c**2 - 68*c + 66. List the prime factors of z(1).
3119
Let a = -4 + 8. Suppose -2*s = a*o - 212, -2*o + 5*o - 146 = 5*s. Suppose 3*t - 117 = -3*l, -5*t + 4*l = -o - 98. What are the prime factors of t?
2, 17
Let l = -11 - -5. What are the prime factors of 3/(-6) + (-51)/l?
2
Let h(j) be the first derivative of -j**3/6 + 17*j**2/2 + 5*j - 5. Let i(z) be the first derivative of h(z). List the prime factors of i(0).
17
Let n be (67/(-3) - 3)*-3. Suppose 4*z - 4*x - n = -x, -z - x = -26. Suppose -4 = 4*k, -4 = -5*f - 4*k + z. List the prime factors of f.
2, 3
Suppose -3*n + 21 - 50 = 5*w, 2*n + 3 = -w. Let b(a) = a**3 + 9*a**2 + a + 1. List the prime factors of b(w).
2, 23
Let r(d) = d**3 + 12*d**2 + 11*d + 2. Suppose -9 - 2 = m. Let a be r(m). Suppose -a*c + 3*c = -2*k + 23, 0 = c + 3. List the prime factors of k.
13
Suppose -2*f = -f + 3, 4*h = -f + 9. Suppose 12 = r + h*r. Suppose -174 - 45 = -r*x. What are the prime factors of x?
73
Let q be ((-2990)/39)/((-2)/21). Suppose 41*c - q = 36*c. What are the prime factors of c?
7, 23
What are the prime factors of 61 + 1750 - (-1 + -1)?
7, 37
Let t = -4577 - -7222. List the prime factors of t.
5, 23
Let c(u) = 1354*u + 52. List the prime factors of c(1).
2, 19, 37
Suppose 3*r = 4*q - 11199, 5*r = -5*q + 8971 + 5054. What are the prime factors of q?
2, 3, 467
Let z(f) = 2*f**3 + 17*f**2 - 27*f - 47. List the prime factors of z(-8).
233
Let q(t) = -2*t**2 - 3*t. Let p be q(-2). Let c be (5/p)/((-5)/(-60)). What are the prime factors of (-8)/(-3) - 10/c?
3
Let w be (-8 - -6)/((-2)/4). Let i(q) = 13*q - w*q - 4 - 9. List the prime factors of i(5).
2
What are the prime factors of 9*(28/(-56))/(2/(-116))?
3, 29
List the prime factors of 2826/10 + 0 + 66/165.
283
Suppose -154 = -5*y + 1426. Suppose 5*l - y = -4*c, 3*c = -l - 0*l + 61. List the prime factors of l.
2
List the prime factors of (-5 - 81/(-18)) + (-7995)/(-6).
2, 3, 37
Suppose -2*j + 3*s = -3*j + 550, -3*j - s + 1682 = 0. List the prime factors of j.
2, 281
Let y(l) = l**2 - 3*l. Let d be y(4). Suppose -8 = -d*n + 8*n. List the prime factors of n + 19 + 12/(-4).
2, 7
Let u = -936 - -1317. What are the prime factors of u?
3, 127
Let q be -3 - ((1 - -1) + 7). Let z be 10/(-35) + q/7. What are the prime factors of (-6 - -3) + (7 - z)?
2, 3
Suppose 6*j = 2*j + 952. List the prime factors of j/3 - 3/((-27)/6).
2, 5
What are the prime factors of 2202*56/120 + (-4)/(-10)?
2, 257
What are the prime factors of (-1003 - (5 + -2))/(-2)?
503
Suppose 4*l = 8 + 4. Suppose -3 = -3*q - w + 6, -l*q - 2*w = -9. Suppose -13 + 151 = q*z. List the prime factors of z.
2, 23
Let l = 1122 + -182. List the prime factors of l.
2, 5, 47
Suppose 3*i - 5*c - 5480 = 3871, -c = 0. List the prime factors of i.
3, 1039
Suppose 0 = -o + 4 - 0. What are the prime factors of ((-6)/o)/((-8)/144)?
3
Let w = 206 - -274. List the prime factors of w.
2, 3, 5
Suppose 0 = u + 5*t - 3960, 11948 = 3*u + 5*t - 7*t. What are the prime factors of u?
2, 5, 199
What are the prime factors of 4/(-10) - (37709/(-35) - 12)?
3, 11
Suppose 472 = 2*c + 3*c + p, 4*c + p = 378. What are the prime factors of c?
2, 47
Let t(q) = -3*q - 1. Let n be 3/4 + 363/12. Suppose 4*m - m + 2*i = -32, -4*m - 5*i = n. List the prime factors of t(m).
41
Suppose -77 = 4*i - 4*f + 3*f, i - f + 20 = 0. Let v = -23 - i. What are the prime factors of -3 + 1*(-104)/v?
23
Suppose 5*s - 63 = -2*u - 15, 8 = 2*u. Suppose 0 = -s*z + 2*z + 1698. List the prime factors of z.
283
List the prime factors of -6 + 1 + -2 - (-5055)/5.
2, 251
Let x be (-42)/28 - (-21)/2. Let t(p) = -x + 2*p + 5*p - 16*p + 7*p. List the prime factors of t(-8).
7
Let w be 2 - (-2 - -37)*-4. Suppose 3*i = w + 53. What are the prime factors of i?
5, 13
Suppose -4*m + 6*m = 6. Let f be (-12)/((-9)/m)*-1. Let u = f + 18. What are the prime factors of u?
2, 7
Let n be -2*(-10)/(-8)*(-8)/5. Suppose -m + 0*m = -n*p - 32, m + 2*p = 